f 1748 and 5092.
76
Calculate the greatest common factor of 20336 and 5224.
8
Calculate the highest common factor of 1133 and 472049.
103
What is the highest common factor of 46 and 730342?
46
Calculate the highest common factor of 285 and 3095670.
285
What is the highest common divisor of 12 and 1673340?
12
Calculate the highest common factor of 18799 and 11.
11
Calculate the greatest common divisor of 197904 and 558.
186
Calculate the greatest common factor of 154052 and 76.
76
What is the greatest common factor of 158754 and 12?
6
What is the greatest common factor of 108 and 194130?
54
Calculate the greatest common divisor of 37329 and 3749.
23
Calculate the greatest common factor of 1436726 and 62.
62
What is the highest common divisor of 51470 and 50?
10
Calculate the highest common divisor of 469 and 6748.
7
What is the highest common factor of 57 and 5434?
19
What is the highest common divisor of 156982 and 112?
14
Calculate the highest common divisor of 174144 and 60.
12
Calculate the highest common divisor of 58642 and 4304.
538
Calculate the greatest common divisor of 182 and 7488.
26
Calculate the highest common divisor of 105 and 456708.
21
Calculate the highest common factor of 1424 and 1264.
16
Calculate the highest common factor of 1060 and 8692.
212
Calculate the greatest common factor of 44188 and 44.
4
What is the greatest common factor of 2358186 and 6?
6
What is the highest common divisor of 78 and 1698?
6
Calculate the highest common divisor of 923 and 45937.
71
Calculate the greatest common factor of 1463 and 4807.
209
Calculate the greatest common factor of 871866 and 18.
18
Calculate the greatest common divisor of 20966 and 44.
22
Calculate the greatest common factor of 3801 and 1701.
21
What is the highest common factor of 16 and 108424?
8
What is the highest common divisor of 397 and 3441593?
397
What is the highest common divisor of 2840160 and 915?
915
What is the highest common divisor of 7160 and 256?
8
Calculate the highest common factor of 69 and 4519477.
23
Calculate the greatest common factor of 414 and 56258.
46
Calculate the highest common factor of 304 and 4731.
19
What is the highest common divisor of 216 and 1778760?
216
What is the highest common divisor of 75 and 10475?
25
What is the greatest common divisor of 10024 and 9666?
358
Calculate the greatest common divisor of 2450 and 4.
2
What is the highest common divisor of 207822 and 190?
38
What is the highest common divisor of 4 and 1242610?
2
What is the highest common divisor of 31382 and 71?
71
Calculate the greatest common factor of 442 and 18632.
34
Calculate the highest common divisor of 35 and 287161.
7
What is the highest common divisor of 2376 and 5736?
24
Calculate the highest common divisor of 130 and 12402.
26
What is the highest common factor of 2425 and 425?
25
Calculate the greatest common factor of 4790 and 62749.
479
Calculate the greatest common divisor of 5546 and 21056.
94
What is the greatest common factor of 495 and 308535?
15
What is the greatest common factor of 174216 and 336?
168
What is the highest common factor of 530695 and 55?
55
What is the greatest common factor of 1062 and 43614?
18
Calculate the greatest common factor of 181324 and 429.
143
What is the greatest common factor of 372 and 86676?
372
What is the greatest common divisor of 28400 and 5893?
71
What is the highest common divisor of 3336 and 456?
24
Calculate the highest common factor of 6439 and 959.
137
What is the highest common factor of 1812 and 1140654?
906
What is the greatest common factor of 170 and 47345?
85
What is the greatest common factor of 39669 and 33?
3
What is the greatest common divisor of 93 and 10617?
3
What is the highest common divisor of 2009 and 402829?
49
What is the highest common factor of 333 and 6253?
37
What is the greatest common divisor of 972 and 33777?
243
What is the highest common divisor of 254 and 7?
1
What is the highest common factor of 23775 and 225?
75
What is the highest common divisor of 17465 and 13825?
35
Calculate the highest common factor of 13 and 1424176.
13
What is the highest common factor of 42434 and 5194?
98
What is the highest common divisor of 808203 and 418?
209
What is the greatest common factor of 707277 and 843?
843
What is the greatest common divisor of 135 and 56349?
27
Calculate the highest common divisor of 351355 and 5.
5
Calculate the greatest common divisor of 20240 and 6380.
220
What is the highest common factor of 440 and 116710?
110
Calculate the highest common factor of 769302 and 18.
18
Calculate the greatest common factor of 276 and 102212.
92
Calculate the highest common divisor of 68 and 10788.
4
What is the highest common factor of 398529 and 18?
9
Calculate the highest common divisor of 27331 and 2.
1
Calculate the greatest common factor of 192 and 9144.
24
What is the highest common divisor of 241649 and 1169?
167
Calculate the greatest common divisor of 996459 and 24094.
1721
Calculate the highest common divisor of 2098581 and 3.
3
What is the greatest common factor of 12860 and 76?
4
What is the highest common divisor of 219643 and 157?
157
What is the greatest common factor of 1287 and 1611?
9
What is the greatest common factor of 896 and 4736?
128
What is the greatest common factor of 187864 and 184?
184
Calculate the greatest common divisor of 155924 and 3196.
68
Calculate the highest common divisor of 56 and 482468.
28
Calculate the greatest common divisor of 15985 and 80.
5
Calculate the highest common divisor of 41628 and 768.
12
Calculate the greatest common factor of 384 and 203712.
192
What is the greatest common divisor of 98416 and 144?
16
What is the highest common factor of 3224 and 196872?
104
What is the highest common divisor of 25 and 3630?
5
What is the highest common factor of 210 and 200445?
105
Calculate the highest common factor of 110 and 530.
10
Calculate the greatest common factor of 192 and 57472.
64
What is the highest common divisor of 14178 and 1390?
278
What is the greatest common divisor of 29300 and 500?
100
Calculate the greatest common factor of 8281989 and 166.
83
What is the greatest common factor of 1425 and 20325?
75
Calculate the highest common divisor of 2263 and 64015.
31
Calculate the highest common factor of 298842 and 30.
6
What is the greatest common divisor of 1258273 and 53?
53
What is the highest common divisor of 1071 and 10251?
153
What is the highest common divisor of 697675 and 110?
55
What is the highest common divisor of 28913 and 248253?
997
Calculate the greatest common divisor of 940 and 19035.
235
What is the greatest common factor of 904 and 49268?
452
Calculate the highest common factor of 3195 and 752742.
639
Calculate the highest common divisor of 76761 and 2133.
27
What is the highest common divisor of 215 and 31949?
43
What is the greatest common divisor of 21 and 3703?
7
What is the greatest common factor of 203450 and 1150?
50
Calculate the highest common factor of 32291 and 588.
49
What is the highest common divisor of 67070 and 570?
190
What is the greatest common divisor of 1436 and 146831?
359
Calculate the greatest common factor of 6532 and 13774.
142
Calculate the greatest common factor of 8477 and 692.
173
Calculate the highest common factor of 12 and 201732.
12
What is the greatest common divisor of 8550 and 2100?
150
What is the highest common divisor of 15291 and 63?
9
What is the highest common factor of 1353458 and 138?
46
What is the highest common factor of 225 and 957825?
225
What is the highest common factor of 4 and 178612?
4
What is the highest common divisor of 116022 and 2928?
366
What is the highest common divisor of 275 and 489555?
55
Calculate the greatest common factor of 52 and 86684.
52
What is the highest common factor of 63142 and 1834?
262
What is the highest common divisor of 121668 and 36?
12
What is the highest common factor of 240234 and 96?
6
What is the highest common divisor of 240 and 29670?
30
Calculate the highest common factor of 10208087 and 83.
83
Calculate the greatest common factor of 798 and 34048.
266
What is the greatest common divisor of 31 and 1632987?
31
What is the highest common factor of 581132 and 4?
4
Calculate the highest common factor of 19107 and 3069.